*j + 170, 3*j + 69 = f. Calculate the highest common factor of 2004 and f.
12
Let t(f) = 108*f - 30. Let x be t(2). Suppose -x = -3*d + 2*n - 43, -5*n + 115 = 3*d. What is the highest common factor of 9 and d?
9
Suppose 258*r - 253*r = 90. Suppose -2*z = -5*z - 891. Let c be ((-8)/(-6))/((-2)/z). What is the highest common factor of r and c?
18
Let j be (-4)/22 - 922/11. Let z = 183 + j. Suppose 0 = -3*v - v + 44. Calculate the greatest common factor of v and z.
11
Let f = 4751 - 4491. Calculate the greatest common factor of f and 5330.
130
Let i be (-1)/4 - -507*13/156. What is the greatest common divisor of 602 and i?
14
Let h be 1 + -1 + -1 - -3. Suppose 0 = 2*g + 16, -5*g + 28 = -2*p - 11*g. What is the greatest common divisor of p and h?
2
Suppose 97 = -6*t + 7*t + 4*u, -u + 88 = t. Suppose -s + t = -3*g + 4*g, g - 3*s = 85. Calculate the highest common divisor of 10 and g.
5
Let n(g) be the first derivative of -4*g**2 - g + 1. Let t be n(-2). Suppose -14657 = -205*q + 5729 + 4214. Calculate the greatest common divisor of q and t.
15
Let w be (-243)/(-5) - 3/5. Suppose 4*g + 248 - 1688 = -5*z, 3*z = -5*g + 864. Suppose -z = -6*r - 3*r. What is the greatest common divisor of w and r?
16
Suppose -51*c + 31*c - 176225 = -73*c. Calculate the highest common divisor of c and 38.
19
Let h(t) = -4*t - 1. Let j be h(-9). Suppose 6*b + 28 = 8*b + 2*w, -5*b + 100 = -5*w. Suppose b*m - 3 = 252. What is the highest common factor of j and m?
5
Suppose -30*x + 33*x = -3. Let z be 35 - (1/1)/x. Suppose 0 = -5*u + 44 + z. Calculate the greatest common divisor of u and 2.
2
Let s(b) be the second derivative of -b**4/12 + b**3/2 - 3*b**2 + 2*b. Let v be s(7). Let q = 41 + v. What is the highest common divisor of 56 and q?
7
Let n(f) = -12*f**3 - 7*f**2 - 39*f - 28. Let x be n(-8). What is the greatest common factor of 65 and x?
65
Let t be 36/(-60) + 28992/20. Calculate the greatest common factor of 23 and t.
23
Suppose 0 = 45*f - 31 - 329. What is the greatest common divisor of 56 and f?
8
Let c(l) = 8*l + 67. Let i be c(5). Let s = i - 88. Calculate the highest common divisor of 57 and s.
19
Suppose 0*f - 9*f - 27 = 0. Let s be (6/7)/(f/(-126)*6). Let z be s/27 - 9201/(-27). What is the highest common factor of 31 and z?
31
Suppose -37*h + 285012 = 94*h + 142*h. Calculate the highest common factor of 72 and h.
36
Let h(b) be the first derivative of -b**3/3 + 11*b**2/2 + 13*b + 3. Let c be h(22). Let j = -133 - c. Calculate the highest common divisor of j and 12.
12
Suppose -10*t + 264 = 4. Let m be 6 + -396 + (1 - 1). Let u be 3*(m/9)/(-5). What is the greatest common divisor of u and t?
26
Suppose -6 = 5*c + 4*k, 10*c - 5*c - k = 39. Suppose 7*t - 3*t - 216 = 0. What is the highest common divisor of c and t?
6
Let s(w) = 13*w**2 + 12*w + 34. Suppose 2*d - 10 = 5*h + 19, 0 = 5*h - 3*d + 31. Let c be s(h). Calculate the highest common divisor of 46 and c.
23
Let u(h) = h**3 - 22*h**2 - 49*h + 21. Let r be u(24). Let j be (-4893)/(-35) + (-3)/45*r. Calculate the highest common divisor of j and 84.
28
Let h = 20205 - 19884. What is the greatest common divisor of h and 2675?
107
Let l(y) = 41*y + 742. Let o be l(-8). Calculate the greatest common factor of o and 8556.
138
Suppose -2976 = -2*q + 4*g + 2676, 3*q - 8548 = -4*g. Calculate the greatest common divisor of 32 and q.
8
Let u be (-2)/(-7) + 838/7. Let v = -62935 + 63040. Calculate the highest common factor of v and u.
15
Suppose a - 210 = -2*g, 2*a + 2*g + 30 = 446. Calculate the greatest common divisor of 23278 and a.
206
Suppose i - 2*x - 2763 = 909, 3*i - 4*x - 11024 = 0. Calculate the highest common factor of i and 32.
32
Let n(z) = z**2 - 13*z - 49. Let o = 81 - 62. Let p be n(o). What is the greatest common divisor of p and 65?
65
Suppose -p + 55 = 21. Let v(b) = 9*b + 66. Let m be v(p). Calculate the greatest common divisor of m and 24.
12
Let w = -52 - -22. Let z be ((-12)/w)/((-1)/60*-2). Suppose -z*u + 15 = -11*u. Calculate the greatest common divisor of u and 6.
3
Let l(v) = 3643*v - 21637. Let p be l(6). Let t be (-12)/3*(-13)/2. Calculate the greatest common factor of t and p.
13
Suppose -5*j - 3*o = -28, -2*j + 3*j + 5*o - 10 = 0. Suppose -3*u - q + 200 = 0, -9*u + j*u - q = -265. What is the greatest common factor of u and 65?
65
Suppose -16*z + 721 - 385 = 12*z. Let b(r) = r + 16. Let s be b(-8). What is the highest common factor of s and z?
4
Let f(s) = -3*s**3 - 2*s**2 + s + 2. Suppose b = 50 - 52. Let i be f(b). Calculate the greatest common divisor of i and 40.
8
Suppose -x = -2*b - 129, 0 = 5*x + 81*b - 79*b - 681. What is the highest common factor of x and 2655?
45
Let f be -303*(12/(-2) + 5). Let k = -241 + f. What is the highest common factor of 31 and k?
31
Suppose -q + 9 = -5. Let j(w) = -2*w**3 + 135*w**2 - 52*w - 627. Let p be j(67). What is the greatest common divisor of q and p?
14
Let p = -243 + 128. Let l = 134 + p. What is the highest common divisor of l and 19?
19
Suppose -18*d + 22*d + 724 = 0. Let x = -159 - d. Calculate the greatest common divisor of 352 and x.
22
Let j(n) = -n**3 + 4*n**2 + 7*n - 7. Let q be j(5). Suppose 4*b = 12, -q*g - 3*b + 6*b = -186. What is the greatest common divisor of g and 10?
5
Suppose -j + 16 = 5*n - 48, 168 = 4*j - 2*n. What is the highest common factor of 33308 and j?
44
Let f = 121 + -133. Let g be 3/f - (-5)/(-20)*-93. Let o(x) = -3*x**3 - 8*x**2 - 7*x - 3. Let h be o(-5). Calculate the highest common factor of g and h.
23
Suppose 430 = 2*g + 3*k, 642 = 3*g - 94*k + 99*k. Calculate the highest common divisor of 96 and g.
32
Suppose -1949 = -28*t + 12751. Let q be (-7)/(50/(-15) + 3). What is the greatest common factor of t and q?
21
Let x = 543 + -342. Let q be (3 - 4)/(2/(-16)). Suppose 0 = q*b - x - 327. What is the highest common divisor of 6 and b?
6
Let j = -14356 - -20598. Suppose 9*r = j + 238. Calculate the greatest common divisor of r and 45.
45
Suppose -134542 - 131498 = -586*y - 153*y. What is the greatest common factor of y and 5445?
45
Let c be (12/36)/(2/12) + 7777 + -9. What is the greatest common divisor of c and 666?
222
Suppose 12*x = 10*x + 924. Let y = -258 + x. Let s(h) = 2*h**2 - 5*h - 1. Let c be s(-4). Calculate the greatest common factor of y and c.
51
Let o(s) = 12*s + 125. Let r be o(-5). What is the greatest common divisor of r and 110?
5
Let h be (-147)/6174 + (-3487)/(-42). What is the highest common divisor of h and 17?
1
Suppose -8*c + 1035 = -3*c. Suppose 211*m = c*m + 176. What is the highest common factor of m and 11?
11
Suppose 0 = -9*f + 191 + 511. Let r be (26 - -1)*(-18)/27. Let v be (-9)/(-2) + r/(-12). What is the highest common divisor of f and v?
6
Let v be 43/1161 + (-620)/(-27). What is the greatest common factor of 4853 and v?
23
Suppose -2*r = -t + 28, 0*t + 2*r = 5*t - 172. Suppose 0 = 2*g - 372 - 276. Calculate the highest common factor of t and g.
36
Let q = -31 + 82. Let a = 1658 + -1488. Calculate the highest common divisor of a and q.
17
Let n be -22*(-1)/2*19. Let b be -2 - ((-12)/15)/((-4)/(-20)). Let o = 13 - b. Calculate the highest common divisor of n and o.
11
Suppose a + u = 15, -19*a + 27*a + u - 148 = 0. What is the highest common divisor of 26 and a?
1
Let f(s) = 26*s - 300. Let o be f(13). Suppose o = 27*d - 151. Suppose 0 = -n - 0 + 63. Calculate the highest common divisor of d and n.
7
Let f be (-1)/1 + -1 + 290. Let m = 444 - f. Suppose -3*g + 120 = -0*g + 3*s, 5*g - 4*s = 191. What is the highest common factor of g and m?
39
Let l be 3*1 + (-335 - -388). What is the greatest common divisor of l and 742?
14
Suppose -6*t + 8*t = -2*u - 272, 687 = -5*t + 2*u. Let v = -53 - t. What is the highest common factor of 21 and v?
21
Let h(t) = t**2 + 16*t + 18. Let a be h(-15). Let n(f) = 8*f + 44*f**2 - 22*f**2 - 23*f**2 - a. Let s be n(5). What is the greatest common factor of 12 and s?
12
Let b(j) = -747*j - 523. Let a be b(-6). Calculate the greatest common divisor of 111 and a.
37
Let p be 0 + (-3)/9*-1*0. Suppose p = 5*n - n - 3*h - 47, -n + 4*h = -2. Let u = n - 11. What is the highest common factor of u and 3?
3
Suppose -4*q + 42 = 2*m, 5*q + 110 = 4*m - 0*q. Let i = 47 + -20. Let g = i - m. Calculate the highest common divisor of 14 and g.
2
Let y = -1841 + 2156